). Let h = d - b. What is the units digit of h?
5
What is the hundreds digit of 12/((-72)/(-579))*(3 + 55)?
5
Let n be 6/(-3*6/27). Let r be 3990/(-245) - (-2)/7. What is the units digit of n/6*r/(-3)*-16?
8
Suppose -24*q + 1908 = -7*q + q. What is the hundreds digit of q?
1
What is the ten thousands digit of -445 - -426 - -264*226?
5
Let g = 24233 + -4356. What is the thousands digit of g?
9
Let q = 153 - 151. Suppose q*r = 4*o + 326, -o + 547 = 3*r + 44. What is the units digit of r?
7
Suppose -4*u + 37 = -23. Suppose -u*t - 20 = -19*t. Suppose 3*c + t*y - 515 = 0, c + 4*c + 5*y - 845 = 0. What is the tens digit of c?
6
Suppose 5*s + 22004 = 231*h - 227*h, 5*s = 8*h - 43968. What is the hundreds digit of h?
4
Let v(w) = 57*w + 1249. What is the units digit of v(23)?
0
Suppose -4*n + 1563 + 53 = 0. Let h(l) = l**2 - 32*l + 222. Let t be h(10). Suppose 4*f - t*a - 286 = 118, 4*f - 3*a = n. What is the units digit of f?
1
Let c be 2/6 - (1542/(-18) - 2). Suppose 3*t - 2*l = 469, -4*t + 4*l + 540 + c = 0. What is the hundreds digit of t?
1
Let m be (544/6)/((-18)/243*3). What is the units digit of 3 - 1 - m/17?
6
What is the thousands digit of 409 + 34280 - (-13 - 0)?
4
Let k(n) = 2*n + 46. Let o be k(-15). Suppose -2*q + 2*v = -10, 4*q + v - o = 3*v. Suppose 2*l - 19 = -3*r, -q*r - 2*l = -l - 14. What is the units digit of r?
3
Suppose -7*k + 3*d + 45214 = 0, -3*k + 3*d + 6666 = -12720. What is the tens digit of k?
5
Let a(g) = -g**2 + 20*g + 3. Let l be a(20). Suppose -4*z - m = -6*z - 76, l*z - 5*m + 100 = 0. What is the units digit of (z/(-16))/(2/4)?
5
What is the ten thousands digit of (-7 - 3179/(-51))/((-3441)/3447 - -1)?
3
Suppose 8*l - 3337 = -385. Suppose l - 1059 = -5*x. What is the hundreds digit of x?
1
Let v(r) = 1100*r**2 - 5884*r + 5. What is the thousands digit of v(10)?
1
Let r = 774 - 503. Suppose 13541 = 282*w - r*w. What is the hundreds digit of w?
2
Let f(s) = -7*s**3 - 52*s**2 - 35*s + 21. What is the tens digit of f(-13)?
6
Let i = 151241 + -98392. What is the thousands digit of i?
2
Suppose -5*v + 4678 + 165 = 3*i, -2*v + 1940 = 4*i. What is the tens digit of v?
6
Let a(i) = -8*i + 24. Let p be a(6). What is the units digit of 1*779 + 48/p?
7
Let h be (-4)/(-2) + (1 - -7 - 1). Suppose s - a = 643, -h*s - 5*a = -10*s + 659. What is the units digit of s?
9
Suppose 2*u - 3*h - 11 = 0, u - 3*h - 1 - 6 = 0. Suppose -2*t + 24 = -4*x - 0, -t + 6 = u*x. What is the units digit of t?
0
Let l(n) = 2*n**3 + 23*n**2 - 35*n - 19. Let r = -398 - -387. What is the units digit of l(r)?
7
What is the hundreds digit of 3/42 + 664187/14?
4
Suppose u + 1 = 3*g + 65, 5*u - 3*g = 368. Suppose 0 = -u*r + 73*r - 18. What is the tens digit of 4/r*(-9129)/34?
7
Let o be -1 + -1 - (162/(-6) + 4). Suppose o*s - 19*s - 506 = 0. What is the tens digit of s?
5
Suppose 4*s + 39*d = 42*d + 26847, -2*d + 6720 = s. What is the hundreds digit of s?
7
Suppose 3*a + 17*c = 21*c + 717, -4*a = -c - 969. Let d = 376 - a. What is the units digit of d?
3
Let o be (-10)/40 + 42/8. Suppose -o*y = 2*g - 45, 2*y - g = 10 - 1. What is the units digit of 4/14 + (-9)/y + 160?
9
Suppose 25*w + 13343 = -4*w + 303053. What is the thousands digit of w?
9
Let q(g) = 3083*g + 205. Let z be q(5). Suppose 10*c + c - z = 0. What is the hundreds digit of c?
4
Suppose 0 = -106*q - 13*q + 1536528. What is the hundreds digit of q?
9
Let p = 140 + -257. Let n be 18/(-63)*(1133 + 8). Let k = p - n. What is the units digit of k?
9
Let j = 12294 - 10822. What is the hundreds digit of j?
4
Suppose 21516 = 5*n - g, 3*g + 22387 = 5*n + 879. Let y = n + -3069. What is the thousands digit of y?
1
Let y = -127 + 341. Suppose -5*w + 93 = 5*g - 107, -5*w + 2*g = -y. What is the tens digit of w?
4
Let h(b) be the first derivative of b**3/3 - 2*b**2 - 84*b + 100. What is the hundreds digit of h(24)?
3
Let x(z) = 105*z**2 - 10*z - 2. Let d be x(-4). Suppose d = 9*v - 4177. Suppose -f + 4*w + 665 = 2*f, -2*w - v = -3*f. What is the units digit of f?
5
Let w = -2568 + 24216. What is the units digit of w?
8
Suppose 3*w - 1155 = -2*w. Let k = 593 + w. What is the units digit of k?
4
Let j be (3/6)/((-6)/12). Let o(b) = -125*b + 1. Let h be o(j). Let v = -39 + h. What is the units digit of v?
7
Let f(n) = -1334*n**3 + n**2 + 4*n + 2. Let p be f(-1). What is the units digit of (-40)/(-60) + p/3?
5
Let z(n) = -n**3 - n**2 + 2*n + 16. Let u be z(0). Suppose 10*k + u = 2*k. What is the tens digit of (0 - 1)/(k + (-242)/(-122))?
6
Let n(o) = o**3 + 62*o**2 + 115*o + 59. What is the thousands digit of n(-58)?
6
Let p = -45 + 70. Suppose -3*g = -70 + p. What is the tens digit of 6/g*(350 + 5)?
4
Let j(k) = -2131*k + 812. What is the thousands digit of j(-3)?
7
Suppose -p - 24356 = -5*d - 2*p, 3*d + 4*p = 14617. What is the tens digit of d?
7
Let j be (-226 + -1 + 1)*(-75)/50. Suppose j = -2*v - 4*x + 9*x, 3*x - 522 = 3*v. Let t = 285 + v. What is the tens digit of t?
0
Suppose -4 = 14*i - 270. What is the tens digit of 1699/2 - i/38?
4
Suppose -987*p = -973*p - 106736. What is the units digit of p?
4
Let z(h) = -h**3 + 49*h**2 - 59*h - 45. Let n be z(45). Suppose -34*o + n = -26*o. What is the tens digit of o?
7
Let r(x) = -30*x + 125*x - 20*x - 48*x. Let a be r(-3). What is the hundreds digit of -3*(6 + -4 - 1)*a?
2
Let o(h) = 5*h**3 - 7*h**2 + h - 31. Let n be o(7). Suppose -t - 172 + n = 0. What is the thousands digit of t?
1
Suppose 0 = -5*g + 84 - 49. Suppose 5*u - 1065 = -3*d, -g*u + 3*u + 4*d + 852 = 0. Let q = 378 - u. What is the tens digit of q?
6
Let i be -4*(3 - (-75)/(-20)). Let l(o) = -o**2 + 4*o - 4. Let j be l(i). What is the tens digit of ((-207)/(-46))/(j/(-6))?
2
Suppose 461128 = 22*h + 87696 - 501024. What is the thousands digit of h?
9
Let m = 15594 + -10236. What is the units digit of m?
8
Suppose -2*c + 3*i + i - 1316 = 0, 1306 = -2*c - i. Let v = c + 1017. What is the units digit of v?
3
Let q(m) = -m**2 - 4*m + 5. Suppose 4*k = 5*k. Let a be q(k). What is the units digit of 1*6/(-15) - (-662)/a?
2
Let m = -12009 + 17219. What is the units digit of m?
0
What is the units digit of (-29 - -19) + 33892 + 1?
3
Let w(p) = -2*p**3 + 87*p**2 + 173*p + 25. What is the hundreds digit of w(45)?
7
Suppose -2*k + u + 12732 = 5*u, u = -5*k + 31776. What is the units digit of k?
4
Let f(i) = 73*i - 181. What is the hundreds digit of f(66)?
6
Let q(o) = -22*o**3 + 5*o**2 + 26*o - 85. What is the hundreds digit of q(-12)?
3
Suppose 9*s + 7500 = 5*a + 5*s, 12*a - 5*s - 17977 = 0. What is the hundreds digit of a?
4
Let q(w) = -2208*w + 827. What is the units digit of q(-3)?
1
Suppose -768 = y + 3*y. Let k be y/42 - -3 - (-3)/(-7). What is the tens digit of k/(2/(-1)) + (75 - 0)?
7
Let p = -12684 + 32404. What is the thousands digit of p?
9
Let g(j) = 199*j + 629. Let a be g(-4). Let k(x) = -118*x + 2. Let u be k(-2). Let r = u + a. What is the tens digit of r?
7
Suppose 0 = -6*q + 20 - 2. Suppose q*m + 170 = 4*m. What is the units digit of (-42)/35*1*m/(-2)?
2
Let i = -4144 + 9026. What is the thousands digit of i?
4
Let m be ((-440)/(-15) + -2)/((-6)/9). What is the units digit of (-1)/(1/(-149))*(-39 - m)?
8
Let s(g) = -g**3 - 5*g**2 - 9*g - 15. Let m be s(-11). Let f = 307 + m. What is the units digit of f?
7
Let h = 147855 + -93445. What is the thousands digit of h?
4
Let l = 35 - 31. Suppose -2 + 5 = -a, -l*j - a = -1. What is the units digit of (1 - -3 - j) + 39?
2
Suppose -14*i - 3*i = 16524. Let f = -652 - i. What is the tens digit of f?
2
Let j(f) = -18*f**3 - 6*f**2 - 3*f - 2. Suppose -11*k - 22 - 22 = 0. What is the tens digit of j(k)?
6
Let t(b) = -19*b**2 - 20*b**2 + 10*b + 67*b**2 - 29*b**2 + 4. Suppose -30 = -0*p - 4*p + 3*q, -3*p = 5*q - 8. What is the tens digit of t(p)?
2
Let p be (-1 - (-57)/2)*-14. Let c = p - -907. What is the tens digit of c?
2
Let w(j) = 2*j**3 - 91*j**2 - 22*j - 21. Let x be w(46). Suppose -4*p + 13 = -x. What is the hundreds digit of p?
2
Let b(s) = -985*s - 1431. What is the thousands digit of b(-16)?
4
Suppose -44*p - 46*p = -81*p - 483579. What is the tens digit of p?
3
Suppose -3*g + 24*g = -23*g + 367752. What is the thousands digit of g?
8
Let n(y) = -y**3 - 8*y**2 + 4*y + 29. Let b be n(-8). What is the units digit of (3*797/(-3))/(b - -2)?
7
Let z 